{"id":2166,"date":"2024-09-09T13:38:25","date_gmt":"2024-09-09T11:38:25","guid":{"rendered":"https:\/\/www.pnt.uz.zgora.pl\/?page_id=2166"},"modified":"2024-10-03T10:53:22","modified_gmt":"2024-10-03T08:53:22","slug":"noc-otwartych-laboratoriow","status":"publish","type":"page","link":"http:\/\/www.pnt.uz.zgora.pl\/?page_id=2166","title":{"rendered":"Noc otwartych laboratori\u00f3w"},"content":{"rendered":"<div class=\"row\">\n\t<div class=\"wpb_content_element span12 wpb_text_column\">\n\t\t<div class=\"wpb_wrapper clearfix\">\n\t\t\t\n<p>Noc otwartych laboratori\u00f3w w Parku Naukowo-Technologicznym Uniwersytetu Zielonog\u00f3rskiego to niezwyk\u0142a okazja, aby odkry\u0107 fascynuj\u0105ce laboratoria i nowoczesne technologie, kt\u00f3re na co dzie\u0144 s\u0105 dost\u0119pne jedynie dla naukowc\u00f3w. Wydarzenie odb\u0119dzie si\u0119 w Parku Naukowo-Technologicznym Uniwersytetu Zielonog\u00f3rskiego i pozwoli uczestnikom na bezpo\u015brednie zanurzenie si\u0119 w \u015bwiat nauki i techniki. Zapraszamy na wiecz\u00f3r pe\u0142en odkry\u0107, pokaz\u00f3w oraz interaktywnych prezentacji.<\/p>\n<p>Podczas wydarzenia do zwiedzania udost\u0119pnione b\u0119d\u0105:<\/p>\n<ul>\n<li><strong>Laboratorium Spektroskopii Molekularnej<\/strong>, gdzie b\u0119dzie mo\u017cna zobaczy\u0107 dzia\u0142anie spektrometru FTIR oraz analizatora wielko\u015bci cz\u0105stek Zetasizer. Te zaawansowane urz\u0105dzenia s\u0105 u\u017cywane w analizie struktury i w\u0142a\u015bciwo\u015bci r\u00f3\u017cnych materia\u0142\u00f3w, co jest kluczowe zar\u00f3wno dla nauki, jak i przemys\u0142u.<\/li>\n<li><strong>Laboratorium Skaningowej Mikroskopii Pr\u00f3bnikowej<\/strong>, kt\u00f3re posiada spektrometr ramanowski oraz mikroskop si\u0142 atomowych. Uczestnicy b\u0119d\u0105 mieli okazj\u0119 zobaczy\u0107, jak badane s\u0105 materia\u0142y na poziomie molekularnym i atomowym, co znajduje zastosowanie w wielu dziedzinach, od nanotechnologii po badania materia\u0142owe.<\/li>\n<li><strong>W Laboratorium Mikroskopii Konfokalnej<\/strong>\u00a0odb\u0119d\u0105 si\u0119 pokazy obrazowania za pomoc\u0105 mikroskopu konfokalnego. Uczestnicy b\u0119d\u0105 mogli zobaczy\u0107 preparaty biologiczne, takie jak kom\u00f3rki rakowe czy paso\u017cyty cz\u0142owieka, a tak\u017ce dowiedzie\u0107 si\u0119 wi\u0119cej o fluorescencji i jej znaczeniu w badaniach. Dodatkowo, zapraszamy do obejrzenia ma\u0142ej wystawy zabytkowych mikroskop\u00f3w i preparat\u00f3w, kt\u00f3re odgrywa\u0142y kluczow\u0105 rol\u0119 w rozwoju mikroskopii.<\/li>\n<li><strong>Laboratorium Akustyki i Elektroakustyki<\/strong>, kt\u00f3re jest jednym z najcichszych miejsc w Polsce. To niezwyk\u0142e laboratorium pozwala na badanie d\u017awi\u0119ku w niemal ca\u0142kowitym wyciszeniu, co ma kluczowe znaczenie w akustyce i elektroakustyce.<\/li>\n<\/ul>\n<p>Noc otwartych laboratori\u00f3w PNT to niepowtarzalna szansa, aby zobaczy\u0107 od \u015brodka najnowsze laboratoria i technologie, kt\u00f3re kszta\u0142tuj\u0105 wsp\u00f3\u0142czesn\u0105 nauk\u0119 i przemys\u0142.<\/p>\n<p><strong>Przyjd\u017a i odkryj \u015bwiat nowoczesnych bada\u0144 w Parku Naukowo-Technologicznym Uniwersytetu Zielonog\u00f3rskiego!<\/strong><\/p>\n<p>&nbsp;<\/p>\n<p><strong>INFORMACJE ORGANIZACYJNE<\/strong><\/p>\n<p>Zwiedzanie laboratori\u00f3w Parku b\u0119dzie odbywa\u0107 si\u0119 od godziny 18:00 do 21:00 w dw\u00f3ch lokalizacjach:<\/p>\n<p>Laboratorium Akustyki i Elektroakustyki &#8211; ul. Nowy Kisielin &#8211; Antoniego Wysockiego 2 (wej\u015bcie przez ramp\u0119 &#8211; lewa strona budynku),<\/p>\n<p>Laboratorium Spektroskopii Molekularnej, Skaningowej Mikroskopii Pr\u00f3bnikowej, Mikroskopii Konfokalnej &#8211; ul. Nowy Kisielin &#8211; Antoniego Wysockiego 4 (wej\u015bcie g\u0142\u00f3wne).<\/p>\n<p>Ze wzgl\u0119d\u00f3w bezpiecze\u0144stwa do laboratori\u00f3w mog\u0105 wej\u015b\u0107 grupy <strong>max 10 os\u00f3b<\/strong>. Zwiedzanie trwa oko\u0142o 15-20 minut.<\/p>\n\n\t\t<\/div> \n\t<\/div> <\/div>\n <div class=\"row\">\n\t<div class=\"wpb_content_element wpb_single_image noframe span12\">\n\t\t<div class=\"wpb_wrapper\"><figure class=\"lightbox clearfix\">\n\t\t\t<a class=\"view\" href=\"http:\/\/www.pnt.uz.zgora.pl\/wp-content\/uploads\/2024\/10\/DP_festival_1920x1080_01-1-wydarzenie-partnerskie-NOC-INNOWACJI_00-1024x576.jpg\" rel=\"image-gallery\"><div class=\"overlay\"><div class=\"thumb-info\"><i class=\"icon-search\"><\/i><\/div><\/div><img loading=\"lazy\" decoding=\"async\" width=\"1920\" height=\"1080\" src=\"http:\/\/www.pnt.uz.zgora.pl\/wp-content\/uploads\/2024\/10\/DP_festival_1920x1080_01-1-wydarzenie-partnerskie-NOC-INNOWACJI_00.jpg\" class=\"attachment-full size-full\" alt=\"\" srcset=\"http:\/\/www.pnt.uz.zgora.pl\/wp-content\/uploads\/2024\/10\/DP_festival_1920x1080_01-1-wydarzenie-partnerskie-NOC-INNOWACJI_00.jpg 1920w, http:\/\/www.pnt.uz.zgora.pl\/wp-content\/uploads\/2024\/10\/DP_festival_1920x1080_01-1-wydarzenie-partnerskie-NOC-INNOWACJI_00-300x169.jpg 300w, http:\/\/www.pnt.uz.zgora.pl\/wp-content\/uploads\/2024\/10\/DP_festival_1920x1080_01-1-wydarzenie-partnerskie-NOC-INNOWACJI_00-1024x576.jpg 1024w, http:\/\/www.pnt.uz.zgora.pl\/wp-content\/uploads\/2024\/10\/DP_festival_1920x1080_01-1-wydarzenie-partnerskie-NOC-INNOWACJI_00-768x432.jpg 768w, http:\/\/www.pnt.uz.zgora.pl\/wp-content\/uploads\/2024\/10\/DP_festival_1920x1080_01-1-wydarzenie-partnerskie-NOC-INNOWACJI_00-1536x864.jpg 1536w, http:\/\/www.pnt.uz.zgora.pl\/wp-content\/uploads\/2024\/10\/DP_festival_1920x1080_01-1-wydarzenie-partnerskie-NOC-INNOWACJI_00-1280x720.jpg 1280w\" sizes=\"auto, (max-width: 1920px) 100vw, 1920px\" title=\"_DP_festival_1920x1080_01-1-wydarzenie-partnerskie-NOC-INNOWACJI_00\" \/><\/a><\/figure>\n\t\t<\/div> \n\t<\/div> <\/div>\n\n","protected":false},"excerpt":{"rendered":"","protected":false},"author":1,"featured_media":0,"parent":0,"menu_order":0,"comment_status":"closed","ping_status":"closed","template":"","meta":{"footnotes":""},"class_list":["post-2166","page","type-page","status-publish","hentry"],"_links":{"self":[{"href":"http:\/\/www.pnt.uz.zgora.pl\/index.php?rest_route=\/wp\/v2\/pages\/2166","targetHints":{"allow":["GET"]}}],"collection":[{"href":"http:\/\/www.pnt.uz.zgora.pl\/index.php?rest_route=\/wp\/v2\/pages"}],"about":[{"href":"http:\/\/www.pnt.uz.zgora.pl\/index.php?rest_route=\/wp\/v2\/types\/page"}],"author":[{"embeddable":true,"href":"http:\/\/www.pnt.uz.zgora.pl\/index.php?rest_route=\/wp\/v2\/users\/1"}],"replies":[{"embeddable":true,"href":"http:\/\/www.pnt.uz.zgora.pl\/index.php?rest_route=%2Fwp%2Fv2%2Fcomments&post=2166"}],"version-history":[{"count":8,"href":"http:\/\/www.pnt.uz.zgora.pl\/index.php?rest_route=\/wp\/v2\/pages\/2166\/revisions"}],"predecessor-version":[{"id":2175,"href":"http:\/\/www.pnt.uz.zgora.pl\/index.php?rest_route=\/wp\/v2\/pages\/2166\/revisions\/2175"}],"wp:attachment":[{"href":"http:\/\/www.pnt.uz.zgora.pl\/index.php?rest_route=%2Fwp%2Fv2%2Fmedia&parent=2166"}],"curies":[{"name":"wp","href":"https:\/\/api.w.org\/{rel}","templated":true}]}}