{"id":182,"date":"2020-09-24T10:49:16","date_gmt":"2020-09-24T08:49:16","guid":{"rendered":"http:\/\/www.new.pnt.uz.zgora.pl\/?page_id=182"},"modified":"2021-01-19T12:18:36","modified_gmt":"2021-01-19T11:18:36","slug":"modernizacja-ksztalcenia-zawodowego-w-miescie-zielona-gora","status":"publish","type":"page","link":"http:\/\/www.pnt.uz.zgora.pl\/?page_id=182","title":{"rendered":"Modernizacja kszta\u0142cenia zawodowego w Mie\u015bcie Zielona G\u00f3ra"},"content":{"rendered":"<div class=\"row\">\n\t<div class=\"wpb_content_element span8 wpb_text_column\">\n\t\t<div class=\"wpb_wrapper clearfix\">\n\t\t\t\n<p>Projekt \u201e<em><strong>Modernizacja kszta\u0142cenia zawodowego w Mie\u015bcie Zielona G\u00f3ra \u2013 projekty realizowane poza formu\u0142\u0105 ZIT<\/strong><\/em>\u201d (MKZ), wsp\u00f3\u0142finansowany przez Uni\u0119 Europejsk\u0105 ze \u015brodk\u00f3w Europejskiego Funduszu Spo\u0142ecznego w ramach Regionalnego Programu Operacyjnego \u2013 Lubuskie 2020, O\u015b Priorytetowa VIII Nowoczesna edukacja, 8.4 Doskonalenie jako\u015bci kszta\u0142cenia zawodowego, 8.4.1 Doskonalenie jako\u015bci kszta\u0142cenia zawodowego \u2013 projekty realizowane poza formu\u0142\u0105 ZIT, nr umowy BPLB.08.04.01-08-0022\/16.<\/p>\n<p>&nbsp;<\/p>\n<p>G\u0142\u00f3wnym celem projektu jest poprawa jako\u015bci kszta\u0142cenia zawodowego i dostosowanie go do potrzeb rynku pracy w regionie, co przyczyni si\u0119 do zwi\u0119kszenia szans zatrudnienia absolwent\u00f3w szk\u00f3\u0142 i ich zawodowych perspektyw.<\/p>\n<p>&nbsp;<\/p>\n<p>W projekcie udzia\u0142 we\u017amie 4 tys. uczni\u00f3w z publicznych\u00a0 i niepublicznych szk\u00f3\u0142 prowadz\u0105cych kszta\u0142cenie zawodowe oraz 122 nauczycieli przedmiot\u00f3w zawodowych i instruktor\u00f3w praktycznej nauki zawodu z 10 \u00a0zielonog\u00f3rskich szk\u00f3\u0142 zawodowych.<\/p>\n<p>&nbsp;<\/p>\n<p>Zadania realizowane w projekcie:<\/p>\n<p>Zadanie 1. Doskonalenie nauczycieli w zakresie tematyki zwi\u0105zanej z nauczanym przedmiotem.<\/p>\n<p>Zadanie 2. Praktyki i sta\u017ce dla nauczycieli kszta\u0142cenia zawodowego u pracodawc\u00f3w i przedsi\u0119biorc\u00f3w.<\/p>\n<p>Zadanie 3. Kszta\u0142cenie zawodowe uczni\u00f3w.<\/p>\n<p>Zadanie 4. Praktyki i sta\u017ce dla uczni\u00f3w realizowane u pracodawc\u00f3w i przedsi\u0119biorc\u00f3w.<\/p>\n<p>Zadanie 5. Doradztwo edukacyjno-zawodowe.<\/p>\n<p>Zadanie 6. Modernizacja kszta\u0142cenia zawodowego.<\/p>\n<p>Zadanie 7. Utworzenie i rozw\u00f3j ukierunkowanych bran\u017cowo Centr\u00f3w Kszta\u0142cenia Zawodowego i Ustawicznego.<\/p>\n<p>Zadanie 8. Dodatkowe zaj\u0119cia specjalistyczne dla uczni\u00f3w na uczelni.<\/p>\n<p>&nbsp;<\/p>\n<p>Liderem projektu jest Miasto Zielona G\u00f3ra. Natomiast Partnerami s\u0105:<\/p>\n<p>&#8211; Park Naukowo Technologiczny Uniwersytetu Zielonog\u00f3rskiego Sp. z o. o.<br \/>\n&#8211; Zak\u0142ad Doskonalenia Zawodowego w Zielonej G\u00f3rze<br \/>\n&#8211; Przedsi\u0119biorstwo Budownictwa Og\u00f3lnego Sp. z o. o.<br \/>\n&#8211; Izba Rzemie\u015blnicza i Przedsi\u0119biorczo\u015bci w Zielonej G\u00f3rze<br \/>\n&#8211; Stowarzyszenie Przyjaci\u00f3\u0142 Wojew\u00f3dzkiego O\u015brodka Dokszta\u0142cania Zawodowego<br \/>\n&#8211; Zachodnia Izba Przemys\u0142owo-Handlowa w Gorzowie Wlkp.<\/p>\n<p><strong>\u00a0<\/strong><\/p>\n<p><strong>Park Naukowo Technologiczny Uniwersytetu Zielonog\u00f3rskiego<\/strong>\u00a0realizowa\u0107 b\u0119dzie:<\/p>\n<p>Zadanie 1 &#8211; Doskonalenie nauczycieli w zakresie tematyki zwi\u0105zanej z nauczanym przedmiotem poprzez studia podyplomowe\/kursy kwalifikacyjne\/szkolenia.<\/p>\n<p>Zadanie 8 &#8211; Dodatkowe zaj\u0119cia specjalistyczne dla uczni\u00f3w na uczelni.<\/p>\n<p>&nbsp;<\/p>\n<p><em>Projekt wsp\u00f3\u0142finansowany ze \u015brodk\u00f3w Unii Europejskiej w ramach Europejskiego Funduszu Spo\u0142ecznego<\/em><\/p>\n\n\t\t<\/div> \n\t<\/div> <\/div>\n <div class=\"row\">\n\t<div class=\"wpb_content_element wpb_single_image noframe span8\">\n\t\t<div class=\"wpb_wrapper\"><figure class=\"clearfix\">\n\t\t\t<img loading=\"lazy\" decoding=\"async\" width=\"3266\" height=\"230\" src=\"http:\/\/www.pnt.uz.zgora.pl\/wp-content\/uploads\/2021\/01\/poziom_kolor_-MKZ.png\" class=\"attachment-full size-full\" alt=\"\" srcset=\"http:\/\/www.pnt.uz.zgora.pl\/wp-content\/uploads\/2021\/01\/poziom_kolor_-MKZ.png 3266w, http:\/\/www.pnt.uz.zgora.pl\/wp-content\/uploads\/2021\/01\/poziom_kolor_-MKZ-300x21.png 300w, http:\/\/www.pnt.uz.zgora.pl\/wp-content\/uploads\/2021\/01\/poziom_kolor_-MKZ-1024x72.png 1024w, http:\/\/www.pnt.uz.zgora.pl\/wp-content\/uploads\/2021\/01\/poziom_kolor_-MKZ-768x54.png 768w, http:\/\/www.pnt.uz.zgora.pl\/wp-content\/uploads\/2021\/01\/poziom_kolor_-MKZ-1536x108.png 1536w, http:\/\/www.pnt.uz.zgora.pl\/wp-content\/uploads\/2021\/01\/poziom_kolor_-MKZ-2048x144.png 2048w, http:\/\/www.pnt.uz.zgora.pl\/wp-content\/uploads\/2021\/01\/poziom_kolor_-MKZ-1280x90.png 1280w\" sizes=\"auto, (max-width: 3266px) 100vw, 3266px\" title=\"poziom_kolor_ MKZ\" \/><\/figure>\n\t\t<\/div> \n\t<\/div> <\/div>\n\n","protected":false},"excerpt":{"rendered":"","protected":false},"author":2,"featured_media":0,"parent":0,"menu_order":0,"comment_status":"closed","ping_status":"closed","template":"","meta":{"footnotes":""},"class_list":["post-182","page","type-page","status-publish","hentry"],"_links":{"self":[{"href":"http:\/\/www.pnt.uz.zgora.pl\/index.php?rest_route=\/wp\/v2\/pages\/182","targetHints":{"allow":["GET"]}}],"collection":[{"href":"http:\/\/www.pnt.uz.zgora.pl\/index.php?rest_route=\/wp\/v2\/pages"}],"about":[{"href":"http:\/\/www.pnt.uz.zgora.pl\/index.php?rest_route=\/wp\/v2\/types\/page"}],"author":[{"embeddable":true,"href":"http:\/\/www.pnt.uz.zgora.pl\/index.php?rest_route=\/wp\/v2\/users\/2"}],"replies":[{"embeddable":true,"href":"http:\/\/www.pnt.uz.zgora.pl\/index.php?rest_route=%2Fwp%2Fv2%2Fcomments&post=182"}],"version-history":[{"count":16,"href":"http:\/\/www.pnt.uz.zgora.pl\/index.php?rest_route=\/wp\/v2\/pages\/182\/revisions"}],"predecessor-version":[{"id":1169,"href":"http:\/\/www.pnt.uz.zgora.pl\/index.php?rest_route=\/wp\/v2\/pages\/182\/revisions\/1169"}],"wp:attachment":[{"href":"http:\/\/www.pnt.uz.zgora.pl\/index.php?rest_route=%2Fwp%2Fv2%2Fmedia&parent=182"}],"curies":[{"name":"wp","href":"https:\/\/api.w.org\/{rel}","templated":true}]}}