{"id":1727,"date":"2023-11-07T08:58:37","date_gmt":"2023-11-07T07:58:37","guid":{"rendered":"https:\/\/www.pnt.uz.zgora.pl\/?page_id=1727"},"modified":"2026-04-28T11:16:24","modified_gmt":"2026-04-28T09:16:24","slug":"centrum-wdrozen-ergonomicznych-cwe","status":"publish","type":"page","link":"http:\/\/www.pnt.uz.zgora.pl\/?page_id=1727","title":{"rendered":"Centrum Wdro\u017ce\u0144 Ergonomicznych (CWE)"},"content":{"rendered":"<div class=\"row\">\n\t<div class=\"wpb_content_element span12 wpb_text_column\">\n\t\t<div class=\"wpb_wrapper clearfix\">\n\t\t\t\n<p>Centrum Wdro\u017ce\u0144 Ergonomicznych (CWE) w strukturze Parku Naukowo &#8211; Technologicznego Uniwersytetu Zielonog\u00f3rskiego<\/p>\n<p><strong>\u00a0<\/strong><\/p>\n<p><strong>Charakterystyka przedsi\u0119wzi\u0119cia<\/strong><\/p>\n<p>Centrum Wdro\u017ce\u0144 Ergonomicznych podejmuje dzia\u0142ania zmierzaj\u0105ce do wprowadzania w przemy\u015ble praktycznych rozwi\u0105za\u0144 z zakresu ergonomii. Celem nadrz\u0119dnym jest optymalizacja proces\u00f3w produkcyjnych, ze szczeg\u00f3lnym uwzgl\u0119dnieniem oddzia\u0142ywania czynnik\u00f3w \u015brodowiskowych na pracownik\u00f3w. Badania i wdro\u017cenia ukierunkowane s\u0105 m.in. na kszta\u0142towanie struktury przestrzennej stanowisk pracy, uwzgl\u0119dniaj\u0105ce w\u0142a\u015bciwo\u015bci psychofizyczne operator\u00f3w maszyn i urz\u0105dze\u0144. Rozwi\u0105zania dla przemys\u0142u determinowane s\u0105 wp\u0142ywem na jako\u015b\u0107 pracy i minimalizowaniem niekorzystnych skutk\u00f3w obci\u0105\u017cenia prac\u0105. Istot\u0105 utworzenia CWE jest poszerzenie oferty Parku Naukowo \u2013 Technologicznego Uniwersytetu Zielonog\u00f3rskiego, odpowiadaj\u0105ce na zapotrzebowanie ze strony zar\u00f3wno pracodawc\u00f3w, jak i pracownik\u00f3w. W ramach oferowanych us\u0142ug proponujemy przede wszystkim szeroki zakres szkole\u0144 ukierunkowanych na pracownik\u00f3w z terenu wojew\u00f3dztwa lubuskiego. Park Naukowo\u2013Technologiczny Uniwersytetu Zielonog\u00f3rskiego wyodr\u0119bni\u0142 pomieszczenia w ramach Centrum Logistycznego PNT UZ. Poza tym CWE dysponuje aul\u0105 wyk\u0142adow\u0105 i sal\u0105 szkoleniow\u0105, umo\u017cliwiaj\u0105c\u0105 prowadzenie szkole\u0144, kurs\u00f3w, seminari\u00f3w.<\/p>\n<p>&nbsp;<\/p>\n<p><strong>Oferta CWE\u00a0<\/strong><\/p>\n<p>W ramach oferowanych us\u0142ug przede wszystkim szeroki zakres szkole\u0144 ukierunkowanych na pracownik\u00f3w r\u00f3\u017cnych bran\u017c:<\/p>\n<ol>\n<li>Szkolenie okresowe w zakresie bezpiecze\u0144stwa i higieny pracy dla os\u00f3b zatrudnionych na stanowiskach administracyjno \u2013 biurowych.<\/li>\n<li>Szkolenie okresowe w zakresie bezpiecze\u0144stwa i higieny pracy dla nauczycieli.<\/li>\n<li>Szkolenie okresowe w zakresie bezpiecze\u0144stwa i higieny pracy dla pracownik\u00f3w plac\u00f3wek s\u0142u\u017cby zdrowia.<\/li>\n<li>Szkolenie okresowe w zakresie bezpiecze\u0144stwa i higieny pracy dla os\u00f3b zatrudnionych na stanowiskach robotniczych.<\/li>\n<li>Szkolenie okresowe w zakresie bezpiecze\u0144stwa i higieny pracy dla os\u00f3b zatrudnionych na stanowiskach in\u017cynieryjno \u2013 technicznych.<\/li>\n<li>Szkolenie okresowe w zakresie bezpiecze\u0144stwa i higieny pracy dla pracodawc\u00f3w i innych os\u00f3b kieruj\u0105cych pracownikami.<\/li>\n<li>Szkolenie w zakresie metodologii prowadzenia instrukta\u017cu stanowiskowego.<\/li>\n<li>Czynniki uci\u0105\u017cliwe na stanowiskach pracy. Identyfikacja, analiza i ocena.<\/li>\n<li>Czynniki szkodliwe na stanowiskach pracy. Identyfikacja, analiza i ocena.<\/li>\n<li>Zagro\u017cenie ha\u0142asem na stanowisku pracy.<\/li>\n<li>O\u015bwietlenie stanowiska pracy. Wymagania w zakresie zapewnienia prawid\u0142owych parametr\u00f3w o\u015bwietlenia.<\/li>\n<li>Obci\u0105\u017cenie uk\u0142adu mi\u0119\u015bniowo \u2013 szkieletowego podczas wykonywania prac. Ocena i wdro\u017cenie dzia\u0142a\u0144 minimalizuj\u0105cych te zagro\u017cenie.<\/li>\n<li>Ergonomia w kszta\u0142towaniu warunk\u00f3w pracy.<\/li>\n<li>Szkolenie dla os\u00f3b wyznaczonych do udzielania pierwszej pomocy.<\/li>\n<li>Szkolenie dla os\u00f3b wyznaczonych do dzia\u0142a\u0144 w zakresie zwalczania po\u017car\u00f3w i ewakuacji.<\/li>\n<li>Systemy zarz\u0105dzania bezpiecze\u0144stwem i higien\u0105 pracy w oparciu o PN-EN ISO 45001.<\/li>\n<\/ol>\n<p>Poza tym oferta dotycz\u0105ca konkretnych us\u0142ug z wykorzystaniem aparatury pomiarowej:<\/p>\n<ol>\n<li>Pomiar i ocena parametr\u00f3w o\u015bwietlenia na stanowiskach prac.<\/li>\n<li>Pomiar i ocena nat\u0119\u017cenia o\u015bwietlenia ewakuacyjnego.<\/li>\n<li>Pomiar i ocena ha\u0142asu na stanowiskach pracy.<\/li>\n<li>Pomiar i ocena ha\u0142asu emitowanego przez maszyny i urz\u0105dzenia.<\/li>\n<li>Pomiar i ocena parametr\u00f3w mikroklimatu na stanowiskach pracy.<\/li>\n<li>Pomiar i ocena obci\u0105\u017cenia uk\u0142adu mi\u0119\u015bniowo \u2013 szkieletowego na stanowiskach pracy.<\/li>\n<\/ol>\n\n\t\t<\/div> \n\t<\/div> <\/div>\n <div class=\"row\"><div class=\"wpb_divider standard wpb_content_element span12 \"><\/div>\n<\/div>\n <div class=\"row\">\n\t<div class=\"wpb_content_element span12 wpb_text_column\">\n\t\t<div class=\"wpb_wrapper clearfix\">\n\t\t\t\n<p><strong>Lokalizacja<\/strong><\/p>\n<p>Centrum Wdro\u017ce\u0144 Ergonomicznych (CWE) zlokalizowane jest w Centrum Logistycznym PNT UZ Sp. z o.o. Adres: Nowy Kisielin &#8211; Syrkiewicza 6, 66-002 Zielona G\u00f3ra.<\/p>\n\n\t\t<\/div> \n\t<\/div> <\/div>\n\n","protected":false},"excerpt":{"rendered":"","protected":false},"author":1,"featured_media":0,"parent":0,"menu_order":0,"comment_status":"closed","ping_status":"closed","template":"","meta":{"footnotes":""},"class_list":["post-1727","page","type-page","status-publish","hentry"],"_links":{"self":[{"href":"http:\/\/www.pnt.uz.zgora.pl\/index.php?rest_route=\/wp\/v2\/pages\/1727","targetHints":{"allow":["GET"]}}],"collection":[{"href":"http:\/\/www.pnt.uz.zgora.pl\/index.php?rest_route=\/wp\/v2\/pages"}],"about":[{"href":"http:\/\/www.pnt.uz.zgora.pl\/index.php?rest_route=\/wp\/v2\/types\/page"}],"author":[{"embeddable":true,"href":"http:\/\/www.pnt.uz.zgora.pl\/index.php?rest_route=\/wp\/v2\/users\/1"}],"replies":[{"embeddable":true,"href":"http:\/\/www.pnt.uz.zgora.pl\/index.php?rest_route=%2Fwp%2Fv2%2Fcomments&post=1727"}],"version-history":[{"count":9,"href":"http:\/\/www.pnt.uz.zgora.pl\/index.php?rest_route=\/wp\/v2\/pages\/1727\/revisions"}],"predecessor-version":[{"id":2262,"href":"http:\/\/www.pnt.uz.zgora.pl\/index.php?rest_route=\/wp\/v2\/pages\/1727\/revisions\/2262"}],"wp:attachment":[{"href":"http:\/\/www.pnt.uz.zgora.pl\/index.php?rest_route=%2Fwp%2Fv2%2Fmedia&parent=1727"}],"curies":[{"name":"wp","href":"https:\/\/api.w.org\/{rel}","templated":true}]}}