{"id":156,"date":"2020-09-24T10:38:39","date_gmt":"2020-09-24T08:38:39","guid":{"rendered":"http:\/\/www.new.pnt.uz.zgora.pl\/?page_id=156"},"modified":"2020-10-19T09:45:21","modified_gmt":"2020-10-19T07:45:21","slug":"media-o-nas","status":"publish","type":"page","link":"http:\/\/www.pnt.uz.zgora.pl\/?page_id=156","title":{"rendered":"Media o Nas"},"content":{"rendered":"<div class=\"row\">\n\t<div class=\"wpb_content_element span12 wpb_text_column\">\n\t\t<div class=\"wpb_wrapper clearfix\">\n\t\t\t\n<h3 class=\"post-title entry-title\">Do zobaczenia b\u0119dzie du\u017co i wiedzy te\u017c nie zabraknie\u201d. Lubuskie Forum Technologii Przemys\u0142owych ju\u017c niebawem<\/h3>\n<p><a href=\"blob:https:\/\/www.facebook.com\/e0411aae-dcae-416b-9cdb-f65742bce3e7\">blob:https:\/\/www.facebook.com\/e0411aae-dcae-416b-9cdb-f65742bce3e7<\/a><\/p>\n<p><a href=\"https:\/\/www.wzielonej.pl\/informacje\/rozmowa-na-96-fm\/do-zobaczenia-bedzie-duzo-i-wiedzy-tez-nie-zabraknie-lubuskie-forum-technologii-przemyslowych-juz-niebawem\/\">https:\/\/www.wzielonej.pl\/informacje\/rozmowa-na-96-fm\/do-zobaczenia-bedzie-duzo-i-wiedzy-tez-nie-zabraknie-lubuskie-forum-technologii-przemyslowych-juz-niebawem\/<\/a><\/p>\n\n\t\t<\/div> \n\t<\/div> <\/div>\n <div class=\"row\">\n\t<div class=\"wpb_content_element span12 wpb_text_column\">\n\t\t<div class=\"wpb_wrapper clearfix\">\n\t\t\t\n<h3>II Lubuskie Forum Technologii Przemys\u0142owych<\/h3>\n<p><a href=\"https:\/\/www.ziph.pl\/pl\/artykul\/568\/ii-lubuskie-forum-technologii-przemyslowych.html\">https:\/\/www.ziph.pl\/pl\/artykul\/568\/ii-lubuskie-forum-technologii-przemyslowych.html<\/a><\/p>\n<p><a href=\"http:\/\/www.region.zgora.pl\/aktualnosci\/1242,1,ii_lubuskie_forum_technologii_przemyslowych_29_30_pazdziernika_2019_r_zapraszamy.html\">http:\/\/www.region.zgora.pl\/aktualnosci\/1242,1,ii_lubuskie_forum_technologii_przemyslowych_29_30_pazdziernika_2019_r_zapraszamy.html<\/a><\/p>\n<p><a href=\"http:\/\/www.kssse.pl\/aktualnosci.php?go=1368\">http:\/\/www.kssse.pl\/aktualnosci.php?go=1368<\/a><\/p>\n<p><a href=\"http:\/\/mojaszkola.pl\/2011-12-29-20-57-16\/107-rok-szkolny-19-20\/1670-ii-lubuskie-forum-technologii-przemyslowych\">http:\/\/mojaszkola.pl\/2011-12-29-20-57-16\/107-rok-szkolny-19-20\/1670-ii-lubuskie-forum-technologii-przemyslowych<\/a><\/p>\n<p><a href=\"https:\/\/gorzow.tvp.pl\/45100178\/30102019\">https:\/\/gorzow.tvp.pl\/45100178\/30102019<\/a><\/p>\n<p>&nbsp;<\/p>\n<p>&nbsp;<\/p>\n\n\t\t<\/div> \n\t<\/div> <\/div>\n <div class=\"row\">\n\t<div class=\"wpb_content_element span12 wpb_text_column\">\n\t\t<div class=\"wpb_wrapper clearfix\">\n\t\t\t\n<h3>Laureaci Lubuskiego Lidera Biznesu 2019<\/h3>\n<p><a href=\"https:\/\/www.ziph.pl\/pl\/artykul\/570\/laureaci-lubuskiego-lidera-biznesu-2019.html\">https:\/\/www.ziph.pl\/pl\/artykul\/570\/laureaci-lubuskiego-lidera-biznesu-2019.html<\/a><\/p>\n\n\t\t<\/div> \n\t<\/div> <\/div>\n <div class=\"row\">\n\t<div class=\"wpb_content_element span12 wpb_text_column\">\n\t\t<div class=\"wpb_wrapper clearfix\">\n\t\t\t\n<h3><span class=\"_2iek _50f7\">Lubuskie Forum Technologii Przemys\u0142owych<\/span><\/h3>\n<div id=\"fb-root\"><\/div>\n<p><script async=\"1\" defer=\"1\" crossorigin=\"anonymous\" src=\"https:\/\/connect.facebook.net\/pl_PL\/sdk.js#xfbml=1&amp;version=v8.0\" nonce=\"zJMV4OUZ\"><\/script><\/p>\n<div class=\"fb-video\" data-href=\"https:\/\/www.facebook.com\/TVP3gorzow\/videos\/1283075535165368\/\" data-width=\"1170\">\n<blockquote cite=\"https:\/\/www.facebook.com\/TVP3gorzow\/videos\/1283075535165368\/\" class=\"fb-xfbml-parse-ignore\"><p><a href=\"https:\/\/www.facebook.com\/TVP3gorzow\/videos\/1283075535165368\/\">Lubuskie Forum Technologii Przemys\u0142owych<\/a><\/p>\n<p>Za nami pierwsze Lubuskie Forum Technologii Przemys\u0142owych. Zorganizowano je w parku naukowo technologicznym Uniwersytetu Zielonog\u00f3rskiego w Nowym Kisielinie i by\u0142o skierowane nie tylko do przedsiebiorc\u00f3w, ale tak\u017ce do student\u00f3w.<\/p>\n<p>Opublikowany przez <a href=\"https:\/\/www.facebook.com\/TVP3gorzow\/\">TVP3 Gorz\u00f3w Wielkopolski<\/a> Poniedzia\u0142ek, 22 pa\u017adziernika 2018<\/p><\/blockquote>\n<\/div>\n\n\t\t<\/div> \n\t<\/div> <\/div>\n <div class=\"row\"><div class=\"wpb_divider thin wpb_content_element alt-bg span12 \"><\/div>\n<\/div>\n <div class=\"row\">\n\t<div class=\"wpb_content_element wpb_single_image noframe span12\">\n\t\t<div class=\"wpb_wrapper\"><figure class=\"clearfix\">\n\t\t\t<img loading=\"lazy\" decoding=\"async\" width=\"1200\" height=\"139\" src=\"http:\/\/www.pnt.uz.zgora.pl\/wp-content\/uploads\/2020\/09\/logo_unia.png\" class=\"attachment-full size-full\" alt=\"\" srcset=\"http:\/\/www.pnt.uz.zgora.pl\/wp-content\/uploads\/2020\/09\/logo_unia.png 1200w, http:\/\/www.pnt.uz.zgora.pl\/wp-content\/uploads\/2020\/09\/logo_unia-300x35.png 300w, http:\/\/www.pnt.uz.zgora.pl\/wp-content\/uploads\/2020\/09\/logo_unia-1024x119.png 1024w, http:\/\/www.pnt.uz.zgora.pl\/wp-content\/uploads\/2020\/09\/logo_unia-768x89.png 768w\" sizes=\"auto, (max-width: 1200px) 100vw, 1200px\" title=\"logo_unia\" \/><\/figure>\n\t\t<\/div> \n\t<\/div> <\/div>\n\n","protected":false},"excerpt":{"rendered":"","protected":false},"author":2,"featured_media":0,"parent":0,"menu_order":0,"comment_status":"closed","ping_status":"closed","template":"","meta":{"footnotes":""},"class_list":["post-156","page","type-page","status-publish","hentry"],"_links":{"self":[{"href":"http:\/\/www.pnt.uz.zgora.pl\/index.php?rest_route=\/wp\/v2\/pages\/156","targetHints":{"allow":["GET"]}}],"collection":[{"href":"http:\/\/www.pnt.uz.zgora.pl\/index.php?rest_route=\/wp\/v2\/pages"}],"about":[{"href":"http:\/\/www.pnt.uz.zgora.pl\/index.php?rest_route=\/wp\/v2\/types\/page"}],"author":[{"embeddable":true,"href":"http:\/\/www.pnt.uz.zgora.pl\/index.php?rest_route=\/wp\/v2\/users\/2"}],"replies":[{"embeddable":true,"href":"http:\/\/www.pnt.uz.zgora.pl\/index.php?rest_route=%2Fwp%2Fv2%2Fcomments&post=156"}],"version-history":[{"count":19,"href":"http:\/\/www.pnt.uz.zgora.pl\/index.php?rest_route=\/wp\/v2\/pages\/156\/revisions"}],"predecessor-version":[{"id":996,"href":"http:\/\/www.pnt.uz.zgora.pl\/index.php?rest_route=\/wp\/v2\/pages\/156\/revisions\/996"}],"wp:attachment":[{"href":"http:\/\/www.pnt.uz.zgora.pl\/index.php?rest_route=%2Fwp%2Fv2%2Fmedia&parent=156"}],"curies":[{"name":"wp","href":"https:\/\/api.w.org\/{rel}","templated":true}]}}

<div class="row">
	<div class="wpb_content_element span12 wpb_text_column">
		<div class="wpb_wrapper clearfix">
			
<h3 class="post-title entry-title">Do zobaczenia będzie dużo i wiedzy też nie zabraknie”. Lubuskie Forum Technologii Przemysłowych już niebawem</h3>
<p><a href="blob:https://www.facebook.com/e0411aae-dcae-416b-9cdb-f65742bce3e7">blob:https://www.facebook.com/e0411aae-dcae-416b-9cdb-f65742bce3e7</a></p>
<p><a href="https://www.wzielonej.pl/informacje/rozmowa-na-96-fm/do-zobaczenia-bedzie-duzo-i-wiedzy-tez-nie-zabraknie-lubuskie-forum-technologii-przemyslowych-juz-niebawem/">https://www.wzielonej.pl/informacje/rozmowa-na-96-fm/do-zobaczenia-bedzie-duzo-i-wiedzy-tez-nie-zabraknie-lubuskie-forum-technologii-przemyslowych-juz-niebawem/</a></p>

		</div> 
	</div> </div>
 <div class="row">
	<div class="wpb_content_element span12 wpb_text_column">
		<div class="wpb_wrapper clearfix">
			
<h3>II Lubuskie Forum Technologii Przemysłowych</h3>
<p><a href="https://www.ziph.pl/pl/artykul/568/ii-lubuskie-forum-technologii-przemyslowych.html">https://www.ziph.pl/pl/artykul/568/ii-lubuskie-forum-technologii-przemyslowych.html</a></p>
<p><a href="http://www.region.zgora.pl/aktualnosci/1242,1,ii_lubuskie_forum_technologii_przemyslowych_29_30_pazdziernika_2019_r_zapraszamy.html">http://www.region.zgora.pl/aktualnosci/1242,1,ii_lubuskie_forum_technologii_przemyslowych_29_30_pazdziernika_2019_r_zapraszamy.html</a></p>
<p><a href="http://www.kssse.pl/aktualnosci.php?go=1368">http://www.kssse.pl/aktualnosci.php?go=1368</a></p>
<p><a href="http://mojaszkola.pl/2011-12-29-20-57-16/107-rok-szkolny-19-20/1670-ii-lubuskie-forum-technologii-przemyslowych">http://mojaszkola.pl/2011-12-29-20-57-16/107-rok-szkolny-19-20/1670-ii-lubuskie-forum-technologii-przemyslowych</a></p>
<p><a href="https://gorzow.tvp.pl/45100178/30102019">https://gorzow.tvp.pl/45100178/30102019</a></p>
<p>&nbsp;</p>
<p>&nbsp;</p>

		</div> 
	</div> </div>
 <div class="row">
	<div class="wpb_content_element span12 wpb_text_column">
		<div class="wpb_wrapper clearfix">
			
<h3>Laureaci Lubuskiego Lidera Biznesu 2019</h3>
<p><a href="https://www.ziph.pl/pl/artykul/570/laureaci-lubuskiego-lidera-biznesu-2019.html">https://www.ziph.pl/pl/artykul/570/laureaci-lubuskiego-lidera-biznesu-2019.html</a></p>

		</div> 
	</div> </div>
 <div class="row">
	<div class="wpb_content_element span12 wpb_text_column">
		<div class="wpb_wrapper clearfix">
			
<h3><span class="_2iek _50f7">Lubuskie Forum Technologii Przemysłowych</span></h3>
<div id="fb-root"></div>
<p><script async="1" defer="1" crossorigin="anonymous" src="https://connect.facebook.net/pl_PL/sdk.js#xfbml=1&amp;version=v8.0" nonce="zJMV4OUZ"></script></p>
<div class="fb-video" data-href="https://www.facebook.com/TVP3gorzow/videos/1283075535165368/" data-width="1170">
<blockquote cite="https://www.facebook.com/TVP3gorzow/videos/1283075535165368/" class="fb-xfbml-parse-ignore"><p><a href="https://www.facebook.com/TVP3gorzow/videos/1283075535165368/">Lubuskie Forum Technologii Przemysłowych</a></p>
<p>Za nami pierwsze Lubuskie Forum Technologii Przemysłowych. Zorganizowano je w parku naukowo technologicznym Uniwersytetu Zielonogórskiego w Nowym Kisielinie i było skierowane nie tylko do przedsiebiorców, ale także do studentów.</p>
<p>Opublikowany przez <a href="https://www.facebook.com/TVP3gorzow/">TVP3 Gorzów Wielkopolski</a> Poniedziałek, 22 października 2018</p></blockquote>
</div>

		</div> 
	</div> </div>
 <div class="row"><div class="wpb_divider thin wpb_content_element alt-bg span12 "></div>
</div>
 <div class="row">
	<div class="wpb_content_element wpb_single_image noframe span12">
		<div class="wpb_wrapper"><figure class="clearfix">
			<img loading="lazy" decoding="async" width="1200" height="139" src="http://www.pnt.uz.zgora.pl/wp-content/uploads/2020/09/logo_unia.png" class="attachment-full size-full" alt="" srcset="http://www.pnt.uz.zgora.pl/wp-content/uploads/2020/09/logo_unia.png 1200w, http://www.pnt.uz.zgora.pl/wp-content/uploads/2020/09/logo_unia-300x35.png 300w, http://www.pnt.uz.zgora.pl/wp-content/uploads/2020/09/logo_unia-1024x119.png 1024w, http://www.pnt.uz.zgora.pl/wp-content/uploads/2020/09/logo_unia-768x89.png 768w" sizes="auto, (max-width: 1200px) 100vw, 1200px" title="logo_unia" /></figure>
		</div> 
	</div> </div>
